{"id":322,"date":"2024-10-16T15:51:19","date_gmt":"2024-10-16T13:51:19","guid":{"rendered":"https:\/\/proyectos.bannisterglobal.com\/abeconsa\/?page_id=322"},"modified":"2025-03-31T17:04:59","modified_gmt":"2025-03-31T15:04:59","slug":"nosotros","status":"publish","type":"page","link":"https:\/\/proyectos.bannisterglobal.com\/abeconsa\/nosotros\/","title":{"rendered":"Nosotros"},"content":{"rendered":"\n<div class=\"wp-block-cover alignfull home-banner-video\" style=\"padding-top:0;padding-bottom:0;min-height:678px;aspect-ratio:unset;\"><span aria-hidden=\"true\" class=\"wp-block-cover__background has-background-dim-20 has-background-dim\" style=\"background-color:#172a3a\"><\/span><img loading=\"lazy\" decoding=\"async\" width=\"2560\" height=\"1707\" class=\"wp-block-cover__image-background wp-image-3542\" alt=\"\" src=\"https:\/\/proyectos.bannisterglobal.com\/abeconsa\/wp-content\/uploads\/2025\/03\/banner-nosotros-scaled.webp\" style=\"object-position:42% 90%\" data-object-fit=\"cover\" data-object-position=\"42% 90%\" srcset=\"https:\/\/proyectos.bannisterglobal.com\/abeconsa\/wp-content\/uploads\/2025\/03\/banner-nosotros-scaled.webp 2560w, https:\/\/proyectos.bannisterglobal.com\/abeconsa\/wp-content\/uploads\/2025\/03\/banner-nosotros-300x200.webp 300w, https:\/\/proyectos.bannisterglobal.com\/abeconsa\/wp-content\/uploads\/2025\/03\/banner-nosotros-1024x683.webp 1024w, https:\/\/proyectos.bannisterglobal.com\/abeconsa\/wp-content\/uploads\/2025\/03\/banner-nosotros-768x512.webp 768w, https:\/\/proyectos.bannisterglobal.com\/abeconsa\/wp-content\/uploads\/2025\/03\/banner-nosotros-1536x1024.webp 1536w, https:\/\/proyectos.bannisterglobal.com\/abeconsa\/wp-content\/uploads\/2025\/03\/banner-nosotros-2048x1365.webp 2048w, https:\/\/proyectos.bannisterglobal.com\/abeconsa\/wp-content\/uploads\/2025\/03\/banner-nosotros-1200x800.webp 1200w\" sizes=\"auto, (max-width: 2560px) 100vw, 2560px\" \/><div class=\"wp-block-cover__inner-container is-layout-constrained wp-block-cover-is-layout-constrained\">\n<div class=\"wp-block-group is-layout-constrained wp-block-group-is-layout-constrained\">\n<section\n  class=\"texto-banner-video-home\"\n  style=\"width: 100% !important; max-width: 2000px !important;\"\n>\n  <h1 style=\"font-size: 80px; color: #ffffff !important; line-height: 80px; font-weight: 900 !important\">\nEXPERIENCIA,<br> CALIDAD Y FIABILIDAD <br class=\"br-provisional\">EN<span style=\"font-size: 100px\"> CONSTRUCCI\u00d3N<\/span><\/h1>\n<\/section>\n<\/div>\n<\/div><\/div>\n\n\n\n<div style=\"height:4rem\" aria-hidden=\"true\" class=\"wp-block-spacer\"><\/div>\n\n\n\n<div class=\"wp-block-group is-layout-constrained wp-container-core-group-is-layout-639b5052 wp-block-group-is-layout-constrained\" style=\"padding-top:0;padding-right:0;padding-bottom:0;padding-left:0\">\n<div class=\"wp-block-columns is-layout-flex wp-container-core-columns-is-layout-1b715042 wp-block-columns-is-layout-flex\">\n<div class=\"wp-block-column is-vertically-aligned-top is-layout-flow wp-block-column-is-layout-flow\" style=\"flex-basis:50%\">\n<h2 class=\"wp-block-heading h2-regular has-text-color has-link-color wp-elements-d2d5eff0f25ce54817dad41f7ce0e39d\" style=\"color:#303030;font-size:25px;font-style:normal;font-weight:400\"><em>EN 1988 COMENZAMOS NUESTRA ACTIVIDAD DE CONSTRUCCI\u00d3N DE VIVIENDAS, EDIFICACIONES INDUSTRIALES, INFRAESTRUCTURAS, REHABILITACI\u00d3N Y MANTENIMIENTO<\/em><\/h2>\n<\/div>\n\n\n\n<div class=\"wp-block-column is-layout-flow wp-block-column-is-layout-flow\" style=\"flex-basis:50%\">\n<p style=\"margin-top:0;margin-bottom:1rem\">Desde entonces, <strong>operamos en toda Espa\u00f1a<\/strong> con la base de nuestras actividades en la Comunidad de Madrid y Galicia.<\/p>\n\n\n\n<p style=\"margin-top:0;margin-bottom:1rem\">Bajo los principios de prudencia y fiabilidad, la empresa ha sabido\u202f<strong>adaptarse a los cambios del sector de la construcci\u00f3n<\/strong>,\u202fmanteniendo una l\u00ednea de negocio s\u00f3lida y estable en los mercados en los que operamos.<\/p>\n\n\n\n<p style=\"margin-top:0;margin-bottom:0\">Nuestra capacidad para seguir siendo un referente se basa en\u202f<strong>la calidad de ejecuci\u00f3n de nuestras obras<\/strong>,\u202fel cumplimiento de los plazos y por establecer relaciones estrechas con<br>clientes, trabajadores y proveedores.<br><\/p>\n<\/div>\n<\/div>\n<\/div>\n\n\n\n<div style=\"height:4rem\" aria-hidden=\"true\" class=\"wp-block-spacer\"><\/div>\n\n\n\n<div class=\"wp-block-group has-background is-layout-constrained wp-container-core-group-is-layout-c3c21657 wp-block-group-is-layout-constrained\" style=\"background-color:#f2f5f7;padding-top:0;padding-right:3rem;padding-bottom:0;padding-left:3rem\">\n<div class=\"wp-block-columns bloque-centrado has-background is-layout-flex wp-container-core-columns-is-layout-d95261ae wp-block-columns-is-layout-flex\" style=\"background-color:#f2f5f7;padding-top:0;padding-right:0;padding-bottom:0;padding-left:0\">\n<div class=\"wp-block-column is-layout-flow wp-block-column-is-layout-flow\" style=\"padding-top:2rem;padding-right:0rem;padding-bottom:0;padding-left:0rem;flex-basis:100%\">\n<figure class=\"wp-block-image aligncenter size-full is-resized\"><img loading=\"lazy\" decoding=\"async\" width=\"180\" height=\"60\" src=\"https:\/\/proyectos.bannisterglobal.com\/abeconsa\/wp-content\/uploads\/2024\/10\/logo-figrupo.png\" alt=\"\" class=\"wp-image-1159\" style=\"width:250px\"\/><\/figure>\n<\/div>\n<\/div>\n\n\n\n<div class=\"wp-block-columns bloque-centrado is-layout-flex wp-container-core-columns-is-layout-ec2e7a44 wp-block-columns-is-layout-flex\" style=\"padding-top:0;padding-bottom:0\">\n<div class=\"wp-block-column is-layout-flow wp-block-column-is-layout-flow\" style=\"padding-top:0rem;padding-bottom:2rem\">\n<p class=\"has-text-align-center\">Desde 2004, Abeconsa forma parte del holding empresarial <a href=\"https:\/\/figrupo.com\/\" target=\"_blank\" rel=\"noreferrer noopener\">FiGrupo,<\/a>\u202funa corporaci\u00f3n con capital 100% gallego y familiar que invierte en una cartera diversificada de empresas industriales y de servicios.<\/p>\n<\/div>\n<\/div>\n<\/div>\n\n\n\n<div style=\"height:4rem\" aria-hidden=\"true\" class=\"wp-block-spacer\"><\/div>\n\n\n\n<div class=\"wp-block-group nosotros-bloque-iconos is-layout-constrained wp-container-core-group-is-layout-639b5052 wp-block-group-is-layout-constrained\" style=\"padding-top:0;padding-right:0;padding-bottom:0;padding-left:0\">\n<div class=\"wp-block-columns is-layout-flex wp-container-core-columns-is-layout-28f84493 wp-block-columns-is-layout-flex\">\n<div class=\"wp-block-column is-layout-flow wp-block-column-is-layout-flow\">\n<h2 class=\"wp-block-heading has-text-align-left\">CADA OBRA, UN COMPROMISO CUMPLIDO<\/h2>\n<\/div>\n\n\n\n<div class=\"wp-block-column is-layout-flow wp-block-column-is-layout-flow\">\n<div class=\"wp-block-essential-blocks-accordion abeconsa-desplegable  root-eb-accordion-k7wk8\"><div class=\"eb-parent-wrapper eb-parent-eb-accordion-k7wk8 \"><div class=\"eb-accordion-container eb-accordion-k7wk8\" data-accordion-type=\"accordion\" data-tab-icon=\"fas fa-circle-plus\" data-expanded-icon=\"fas fa-circle-minus\" data-transition-duration=\"500\"><div class=\"eb-accordion-inner\">\n<div class=\"wp-block-essential-blocks-accordion-item eb-accordion-item-9ts6q eb-accordion-wrapper\" data-clickable=\"false\"><div class=\"eb-accordion-title-wrapper eb-accordion-title-wrapper-eb-accordion-k7wk8\" tabindex=\"0\"><span class=\"eb-accordion-icon-wrapper eb-accordion-icon-wrapper-eb-accordion-k7wk8\"><span class=\"fas fa-circle-plus eb-accordion-icon\"><\/span><\/span><div class=\"eb-accordion-title-content-wrap title-content-eb-accordion-k7wk8\"><h3 class=\"eb-accordion-title\">EXCELENCIA<\/h3><\/div><\/div><div class=\"eb-accordion-content-wrapper eb-accordion-content-wrapper-eb-accordion-k7wk8\"><div class=\"eb-accordion-content\">\n<p style=\"font-size:20px\">Cada obra refleja nuestra dedicaci\u00f3n a la excelencia y a cumplir con los m\u00e1s altos est\u00e1ndares.<\/p>\n<\/div><\/div><\/div>\n\n\n\n<div class=\"wp-block-essential-blocks-accordion-item eb-accordion-item-5qxw9 eb-accordion-wrapper\" data-clickable=\"false\"><div class=\"eb-accordion-title-wrapper eb-accordion-title-wrapper-eb-accordion-k7wk8\" tabindex=\"0\"><span class=\"eb-accordion-icon-wrapper eb-accordion-icon-wrapper-eb-accordion-k7wk8\"><span class=\"fas fa-circle-plus eb-accordion-icon\"><\/span><\/span><div class=\"eb-accordion-title-content-wrap title-content-eb-accordion-k7wk8\"><h3 class=\"eb-accordion-title\">COMPROMISO Y CALIDAD<\/h3><\/div><\/div><div class=\"eb-accordion-content-wrapper eb-accordion-content-wrapper-eb-accordion-k7wk8\"><div class=\"eb-accordion-content\">\n<p style=\"font-size:20px\">Tenemos un fuerte compromiso con el cumplimiento de plazos, manteniendo la calidad de cada uno de los proyectos que ejecutamos.\u202f<\/p>\n<\/div><\/div><\/div>\n\n\n\n<div class=\"wp-block-essential-blocks-accordion-item eb-accordion-item-v42yy eb-accordion-wrapper\" data-clickable=\"false\"><div class=\"eb-accordion-title-wrapper eb-accordion-title-wrapper-eb-accordion-k7wk8\" tabindex=\"0\"><span class=\"eb-accordion-icon-wrapper eb-accordion-icon-wrapper-eb-accordion-k7wk8\"><span class=\"fas fa-circle-plus eb-accordion-icon\"><\/span><\/span><div class=\"eb-accordion-title-content-wrap title-content-eb-accordion-k7wk8\"><h3 class=\"eb-accordion-title\">SOSTENIBILIDAD<\/h3><\/div><\/div><div class=\"eb-accordion-content-wrapper eb-accordion-content-wrapper-eb-accordion-k7wk8\"><div class=\"eb-accordion-content\">\n<p style=\"font-size:20px\">Creemos que la <a href=\"https:\/\/proyectos.bannisterglobal.com\/abeconsa\/sostenibilidad\/\">sostenibilidad<\/a> es una parte fundamental de nuestro enfoque, priorizando siempre pr\u00e1cticas responsables.<\/p>\n<\/div><\/div><\/div>\n\n\n\n<div class=\"wp-block-essential-blocks-accordion-item eb-accordion-item-f53re eb-accordion-wrapper\" data-clickable=\"false\"><div class=\"eb-accordion-title-wrapper eb-accordion-title-wrapper-eb-accordion-k7wk8\" tabindex=\"0\"><span class=\"eb-accordion-icon-wrapper eb-accordion-icon-wrapper-eb-accordion-k7wk8\"><span class=\"fas fa-circle-plus eb-accordion-icon\"><\/span><\/span><div class=\"eb-accordion-title-content-wrap title-content-eb-accordion-k7wk8\"><h3 class=\"eb-accordion-title\">RELACIONES A LARGO PLAZO<\/h3><\/div><\/div><div class=\"eb-accordion-content-wrapper eb-accordion-content-wrapper-eb-accordion-k7wk8\"><div class=\"eb-accordion-content\">\n<p style=\"font-size:20px\">Buscamos generar confianza y relaciones a largo plazo tanto con clientes como con proveedores y trabajadores.<\/p>\n<\/div><\/div><\/div>\n\n\n\n<div class=\"wp-block-essential-blocks-accordion-item eb-accordion-item-1ldzw eb-accordion-wrapper\" data-clickable=\"false\"><div class=\"eb-accordion-title-wrapper eb-accordion-title-wrapper-eb-accordion-k7wk8\" tabindex=\"0\"><span class=\"eb-accordion-icon-wrapper eb-accordion-icon-wrapper-eb-accordion-k7wk8\"><span class=\"fas fa-circle-plus eb-accordion-icon\"><\/span><\/span><div class=\"eb-accordion-title-content-wrap title-content-eb-accordion-k7wk8\"><h3 class=\"eb-accordion-title\">SEGURIDAD EN EL TRABAJO<\/h3><\/div><\/div><div class=\"eb-accordion-content-wrapper eb-accordion-content-wrapper-eb-accordion-k7wk8\"><div class=\"eb-accordion-content\">\n<p style=\"font-size:20px\">Garantizamos condiciones de trabajo \u00f3ptimas, minimizando riesgos y cumpliendo rigurosamente con todas las normativas de prevenci\u00f3n.<\/p>\n<\/div><\/div><\/div>\n\n\n\n<div class=\"wp-block-essential-blocks-accordion-item eb-accordion-item-7venq eb-accordion-wrapper\" data-clickable=\"false\"><div class=\"eb-accordion-title-wrapper eb-accordion-title-wrapper-eb-accordion-k7wk8\" tabindex=\"0\"><span class=\"eb-accordion-icon-wrapper eb-accordion-icon-wrapper-eb-accordion-k7wk8\"><span class=\"fas fa-circle-plus eb-accordion-icon\"><\/span><\/span><div class=\"eb-accordion-title-content-wrap title-content-eb-accordion-k7wk8\"><h3 class=\"eb-accordion-title\">CLASIFICACI\u00d3N EMPRESARIAL<\/h3><\/div><\/div><div class=\"eb-accordion-content-wrapper eb-accordion-content-wrapper-eb-accordion-k7wk8\"><div class=\"eb-accordion-content\">\n<p style=\"font-size:20px\">Abeconsa cuenta con la <a href=\"https:\/\/proyectos.bannisterglobal.com\/abeconsa\/wp-content\/uploads\/2025\/03\/CLASIFICACION-DE-CONTRATISTAS.pdf\">clasificaci\u00f3n oficial de la Junta Consultiva de Contrataci\u00f3n P\u00fablica del Estado,<\/a> garant\u00eda de solvencia y capacidad t\u00e9cnica<\/p>\n<\/div><\/div><\/div>\n<\/div><\/div><\/div><\/div>\n<\/div>\n<\/div>\n<\/div>\n\n\n\n<div style=\"height:4rem\" aria-hidden=\"true\" class=\"wp-block-spacer\"><\/div>\n\n\n\n<div class=\"wp-block-cover alignfull is-light banner-boton-giratorio\" style=\"min-height:298px;aspect-ratio:unset;\"><span aria-hidden=\"true\" class=\"wp-block-cover__background has-background-dim-30 has-background-dim\" style=\"background-color:#acb0b4\"><\/span><img loading=\"lazy\" decoding=\"async\" width=\"1852\" height=\"441\" class=\"wp-block-cover__image-background wp-image-2350\" alt=\"\" src=\"https:\/\/proyectos.bannisterglobal.com\/abeconsa\/wp-content\/uploads\/2024\/11\/talento-banner-unete-v3.webp\" data-object-fit=\"cover\" srcset=\"https:\/\/proyectos.bannisterglobal.com\/abeconsa\/wp-content\/uploads\/2024\/11\/talento-banner-unete-v3.webp 1852w, https:\/\/proyectos.bannisterglobal.com\/abeconsa\/wp-content\/uploads\/2024\/11\/talento-banner-unete-v3-300x71.webp 300w, https:\/\/proyectos.bannisterglobal.com\/abeconsa\/wp-content\/uploads\/2024\/11\/talento-banner-unete-v3-1024x244.webp 1024w, https:\/\/proyectos.bannisterglobal.com\/abeconsa\/wp-content\/uploads\/2024\/11\/talento-banner-unete-v3-768x183.webp 768w, https:\/\/proyectos.bannisterglobal.com\/abeconsa\/wp-content\/uploads\/2024\/11\/talento-banner-unete-v3-1536x366.webp 1536w\" sizes=\"auto, (max-width: 1852px) 100vw, 1852px\" \/><div class=\"wp-block-cover__inner-container is-layout-constrained wp-block-cover-is-layout-constrained\">\n<div class=\"wp-block-columns is-layout-flex wp-container-core-columns-is-layout-28f84493 wp-block-columns-is-layout-flex\">\n<div class=\"wp-block-column is-vertically-aligned-center is-layout-flow wp-block-column-is-layout-flow\" style=\"flex-basis:70%\">\n<h2 class=\"wp-block-heading\" style=\"padding-right:0;padding-left:0;font-size:40px;line-height:1.1\">HAGAMOS REALIDAD <br><span style=\"color:#AA2740;\">TU PR\u00d3XIMO PROYECTO<\/span><\/h2>\n<\/div>\n\n\n\n<div class=\"wp-block-column area-contenedor-texto-cirular is-content-justification-right is-layout-constrained wp-container-core-column-is-layout-d57b5e87 wp-block-column-is-layout-constrained\" style=\"padding-top:0;padding-right:0;padding-bottom:0;padding-left:0\">\n<figure class=\"wp-block-image size-full texto-circular-contacta\"><a href=\"https:\/\/proyectos.bannisterglobal.com\/abeconsa\/contacto\/\"><img loading=\"lazy\" decoding=\"async\" width=\"200\" height=\"200\" src=\"https:\/\/proyectos.bannisterglobal.com\/abeconsa\/wp-content\/uploads\/2024\/10\/abeconsa-texto-circular-contacta-con-nuestro-equipo-v4.png\" alt=\"\" class=\"wp-image-1828\" style=\"object-fit:cover\" srcset=\"https:\/\/proyectos.bannisterglobal.com\/abeconsa\/wp-content\/uploads\/2024\/10\/abeconsa-texto-circular-contacta-con-nuestro-equipo-v4.png 200w, https:\/\/proyectos.bannisterglobal.com\/abeconsa\/wp-content\/uploads\/2024\/10\/abeconsa-texto-circular-contacta-con-nuestro-equipo-v4-150x150.png 150w\" sizes=\"auto, (max-width: 200px) 100vw, 200px\" \/><\/a><\/figure>\n<\/div>\n<\/div>\n<\/div><\/div>\n","protected":false},"excerpt":{"rendered":"<p>EN 1988 COMENZAMOS NUESTRA ACTIVIDAD DE CONSTRUCCI\u00d3N DE VIVIENDAS, EDIFICACIONES INDUSTRIALES, INFRAESTRUCTURAS, REHABILITACI\u00d3N Y MANTENIMIENTO Desde entonces, operamos en toda [&hellip;]<\/p>\n","protected":false},"author":1,"featured_media":0,"parent":0,"menu_order":0,"comment_status":"closed","ping_status":"closed","template":"","meta":{"_acf_changed":false,"_eb_attr":"","_uag_custom_page_level_css":"","site-sidebar-layout":"default","site-content-layout":"","ast-site-content-layout":"","site-content-style":"default","site-sidebar-style":"default","ast-global-header-display":"","ast-banner-title-visibility":"","ast-main-header-display":"","ast-hfb-above-header-display":"","ast-hfb-below-header-display":"","ast-hfb-mobile-header-display":"","site-post-title":"disabled","ast-breadcrumbs-content":"","ast-featured-img":"","footer-sml-layout":"","ast-disable-related-posts":"","theme-transparent-header-meta":"","adv-header-id-meta":"","stick-header-meta":"","header-above-stick-meta":"","header-main-stick-meta":"","header-below-stick-meta":"","astra-migrate-meta-layouts":"default","ast-page-background-enabled":"default","ast-page-background-meta":{"desktop":{"background-color":"var(--ast-global-color-4)","background-image":"","background-repeat":"repeat","background-position":"center center","background-size":"auto","background-attachment":"scroll","background-type":"","background-media":"","overlay-type":"","overlay-color":"","overlay-opacity":"","overlay-gradient":""},"tablet":{"background-color":"","background-image":"","background-repeat":"repeat","background-position":"center center","background-size":"auto","background-attachment":"scroll","background-type":"","background-media":"","overlay-type":"","overlay-color":"","overlay-opacity":"","overlay-gradient":""},"mobile":{"background-color":"","background-image":"","background-repeat":"repeat","background-position":"center center","background-size":"auto","background-attachment":"scroll","background-type":"","background-media":"","overlay-type":"","overlay-color":"","overlay-opacity":"","overlay-gradient":""}},"ast-content-background-meta":{"desktop":{"background-color":"var(--ast-global-color-5)","background-image":"","background-repeat":"repeat","background-position":"center center","background-size":"auto","background-attachment":"scroll","background-type":"","background-media":"","overlay-type":"","overlay-color":"","overlay-opacity":"","overlay-gradient":""},"tablet":{"background-color":"var(--ast-global-color-5)","background-image":"","background-repeat":"repeat","background-position":"center center","background-size":"auto","background-attachment":"scroll","background-type":"","background-media":"","overlay-type":"","overlay-color":"","overlay-opacity":"","overlay-gradient":""},"mobile":{"background-color":"var(--ast-global-color-5)","background-image":"","background-repeat":"repeat","background-position":"center center","background-size":"auto","background-attachment":"scroll","background-type":"","background-media":"","overlay-type":"","overlay-color":"","overlay-opacity":"","overlay-gradient":""}},"footnotes":""},"class_list":["post-322","page","type-page","status-publish","hentry"],"acf":[],"uagb_featured_image_src":{"full":false,"thumbnail":false,"medium":false,"medium_large":false,"large":false,"1536x1536":false,"2048x2048":false,"ultp_layout_landscape_large":false,"ultp_layout_landscape":false,"ultp_layout_portrait":false,"ultp_layout_square":false},"uagb_author_info":{"display_name":"bgadmin","author_link":"https:\/\/proyectos.bannisterglobal.com\/abeconsa\/author\/bgadmin\/"},"uagb_comment_info":0,"uagb_excerpt":"EN 1988 COMENZAMOS NUESTRA ACTIVIDAD DE CONSTRUCCI\u00d3N DE VIVIENDAS, EDIFICACIONES INDUSTRIALES, INFRAESTRUCTURAS, REHABILITACI\u00d3N Y MANTENIMIENTO Desde entonces, operamos en toda [&hellip;]","_links":{"self":[{"href":"https:\/\/proyectos.bannisterglobal.com\/abeconsa\/wp-json\/wp\/v2\/pages\/322","targetHints":{"allow":["GET"]}}],"collection":[{"href":"https:\/\/proyectos.bannisterglobal.com\/abeconsa\/wp-json\/wp\/v2\/pages"}],"about":[{"href":"https:\/\/proyectos.bannisterglobal.com\/abeconsa\/wp-json\/wp\/v2\/types\/page"}],"author":[{"embeddable":true,"href":"https:\/\/proyectos.bannisterglobal.com\/abeconsa\/wp-json\/wp\/v2\/users\/1"}],"replies":[{"embeddable":true,"href":"https:\/\/proyectos.bannisterglobal.com\/abeconsa\/wp-json\/wp\/v2\/comments?post=322"}],"version-history":[{"count":63,"href":"https:\/\/proyectos.bannisterglobal.com\/abeconsa\/wp-json\/wp\/v2\/pages\/322\/revisions"}],"predecessor-version":[{"id":3814,"href":"https:\/\/proyectos.bannisterglobal.com\/abeconsa\/wp-json\/wp\/v2\/pages\/322\/revisions\/3814"}],"wp:attachment":[{"href":"https:\/\/proyectos.bannisterglobal.com\/abeconsa\/wp-json\/wp\/v2\/media?parent=322"}],"curies":[{"name":"wp","href":"https:\/\/api.w.org\/{rel}","templated":true}]}}