{"id":615,"date":"2024-10-18T14:22:24","date_gmt":"2024-10-18T12:22:24","guid":{"rendered":"https:\/\/proyectos.bannisterglobal.com\/abeconsa\/?page_id=615"},"modified":"2025-03-26T14:01:17","modified_gmt":"2025-03-26T13:01:17","slug":"aviso-legal","status":"publish","type":"page","link":"https:\/\/proyectos.bannisterglobal.com\/abeconsa\/aviso-legal\/","title":{"rendered":"Aviso legal"},"content":{"rendered":"\n<! --HTML NECESARIO PARA CAMBIAR EL HEADER DE LAS P\u00c1GINAS SIN BANNER-->\n<span class=\"cabecera-sin-banner\"><\/span>\n\n\n\n<div style=\"height:7rem\" aria-hidden=\"true\" class=\"wp-block-spacer\"><\/div>\n\n\n\n<div class=\"wp-block-group is-layout-constrained wp-block-group-is-layout-constrained\" style=\"padding-top:0;padding-bottom:0\">\n<div class=\"wp-block-group is-layout-constrained wp-block-group-is-layout-constrained\">\n<section\n  style=\"width: 100% !important; max-width: 2000px !important;\"\n>\n  <h1 class=\"h1-sin-banner\" style=\"font-size: 60px; color: #000 !important; line-height: 80px; font-weight: 900 !important\">\n    <span style=\"font-size: 60px\">AVISO LEGAL<\/span><\/h1>\n<\/section>\n<\/div>\n\n\n\n<p><strong>I.<\/strong>\u00a0La p\u00e1gina web\u00a0<a href=\"https:\/\/proyectos.bannisterglobal.com\/abeconsa\/\">https:\/\/proyectos.bannisterglobal.com\/abeconsa<\/a>\u00a0ha sido creada y es mantenida por la empresa\u00a0<strong>ABECONSA, S.L.\u00a0<\/strong>(en adelante,\u00a0<strong>ABECONSA)<\/strong>, con CIF n\u00famero B15157779<\/p>\n\n\n\n<p>ABECONSA&nbsp;&nbsp;es una sociedad constituida de acuerdo a la legislaci\u00f3n espa\u00f1ola, e inscrita en el Registro Mercantil de A Coru\u00f1a, tomo 650, libro 375 del archivo, secci\u00f3n 3\u00aa, folio 115, hoja n\u00famero 3.986.<\/p>\n\n\n\n<p><strong>II.<\/strong>&nbsp;Los datos de contacto de&nbsp;<strong>ABECONSA&nbsp;<\/strong>son los siguientes:<\/p>\n\n\n\n<ul class=\"wp-block-list\">\n<li>C\/ Comandante Fontanes, 11-1\u00ba, 15003&nbsp; A Coru\u00f1a<\/li>\n\n\n\n<li>Tel\u00e9fono: :(+34)981910800<\/li>\n\n\n\n<li>Email: abeconsa@abeconsa.com<\/li>\n<\/ul>\n\n\n\n<p><strong>III.<\/strong>&nbsp;ABECONSA, responsable del sitio web, pone a disposici\u00f3n de los usuarios el presente documento con el fin de dar cumplimiento a las obligaciones impuestas por la Ley 34\/202 de Servicios de la sociedad de la informaci\u00f3n y del Comercio electr\u00f3nico, as\u00ed como de informar a los usuarios del sitio web de las condiciones de uso del mismo. Toda persona que acceda a este sitio web asume el papel de usuario, comprometi\u00e9ndose a la observancia y cumplimiento riguroso de lo aqu\u00ed dispuesto, as\u00ed como de cualquier&nbsp; otra disposici\u00f3n legal que fuera de aplicaci\u00f3n.<\/p>\n\n\n\n<p>El responsable del sitio web se reserva el derecho a modificar cualquier tipo de informaci\u00f3n que pudiera aparecer en el mismo sin que exista obligaci\u00f3n de preavisar o poner en conocimiento de los usuarios dichas obligaciones, entendi\u00e9ndose como suficiente la publicaci\u00f3n en el sitio web del prestador.<\/p>\n\n\n\n<p>El prestador se exime de cualquier responsabilidad derivada de la informaci\u00f3n publicada en su sitio web siempre que est\u00e9 manipulada o haya sido introducida por un tercero ajeno al mismo.<\/p>\n\n\n\n<p><strong>IV.<\/strong>&nbsp;Los distintos elementos de la p\u00e1gina web (fotograf\u00edas, art\u00edculos, v\u00eddeos, etc), as\u00ed como la p\u00e1gina web en su conjunto,&nbsp;<strong>est\u00e1n protegidos por la normativa espa\u00f1ola e internacional de propiedad industrial e intelectual<\/strong>. En especial, las marcas, logos y el resto de signos distintivos que aparecen en esta web son propiedad de&nbsp;<strong>ABECONSA<\/strong>, o de terceros que nos han autorizado a su uso.<\/p>\n\n\n\n<p><strong>Est\u00e1 prohibida la reproducci\u00f3n total o parcial de los mismos<\/strong>&nbsp;o de cualquier contenido de la Web con fines comerciales, salvo autorizaci\u00f3n expresa y por escrito de&nbsp;<strong>ABECONSA<\/strong>.<\/p>\n\n\n\n<p><strong>V.<\/strong>&nbsp;ABECONSAno asume ninguna responsabilidad en relaci\u00f3n a los da\u00f1os que puedan producirse en los equipos o dispositivos de los usuarios como consecuencia de la navegaci\u00f3n por su p\u00e1gina web, ni ofrece ninguna garant\u00eda en cuanto a la subsanaci\u00f3n de errores de funcionamiento, o actualizaci\u00f3n de contenidos de la misma.<\/p>\n\n\n\n<p><strong>VI. La navegaci\u00f3n por la web no implica la recogida de datos de car\u00e1cter personal<\/strong>, salvo los que el usuario decida voluntariamente facilitar a trav\u00e9s de los formularios y correos electr\u00f3nicos de contacto. No obstante, utilizamos cookies que podr\u00e1n descargarse en el equipo o en el dispositivo electr\u00f3nico desde el que accede el usuario. Para m\u00e1s informaci\u00f3n, lea nuestra pol\u00edtica de cookies.<\/p>\n\n\n\n<p><strong>VII.<\/strong>&nbsp;Si desea ponerse en contacto con&nbsp;<strong>ABECONSA<\/strong>, responsable del Sitio Web, puede hacerle a trav\u00e9s de los datos de contacto indicados en el apartado II de este aviso.<\/p>\n<\/div>\n\n\n\n<div style=\"height:4rem\" aria-hidden=\"true\" class=\"wp-block-spacer\"><\/div>\n","protected":false},"excerpt":{"rendered":"<p>AVISO LEGAL I.\u00a0La p\u00e1gina web\u00a0https:\/\/proyectos.bannisterglobal.com\/abeconsa\u00a0ha sido creada y es mantenida por la empresa\u00a0ABECONSA, S.L.\u00a0(en adelante,\u00a0ABECONSA), con CIF n\u00famero B15157779 ABECONSA&nbsp;&nbsp;es [&hellip;]<\/p>\n","protected":false},"author":1,"featured_media":0,"parent":0,"menu_order":0,"comment_status":"closed","ping_status":"closed","template":"","meta":{"_acf_changed":false,"_eb_attr":"","_uag_custom_page_level_css":"","site-sidebar-layout":"default","site-content-layout":"","ast-site-content-layout":"","site-content-style":"default","site-sidebar-style":"default","ast-global-header-display":"","ast-banner-title-visibility":"","ast-main-header-display":"","ast-hfb-above-header-display":"","ast-hfb-below-header-display":"","ast-hfb-mobile-header-display":"","site-post-title":"disabled","ast-breadcrumbs-content":"","ast-featured-img":"","footer-sml-layout":"","ast-disable-related-posts":"","theme-transparent-header-meta":"","adv-header-id-meta":"","stick-header-meta":"","header-above-stick-meta":"","header-main-stick-meta":"","header-below-stick-meta":"","astra-migrate-meta-layouts":"default","ast-page-background-enabled":"default","ast-page-background-meta":{"desktop":{"background-color":"var(--ast-global-color-4)","background-image":"","background-repeat":"repeat","background-position":"center center","background-size":"auto","background-attachment":"scroll","background-type":"","background-media":"","overlay-type":"","overlay-color":"","overlay-opacity":"","overlay-gradient":""},"tablet":{"background-color":"","background-image":"","background-repeat":"repeat","background-position":"center center","background-size":"auto","background-attachment":"scroll","background-type":"","background-media":"","overlay-type":"","overlay-color":"","overlay-opacity":"","overlay-gradient":""},"mobile":{"background-color":"","background-image":"","background-repeat":"repeat","background-position":"center center","background-size":"auto","background-attachment":"scroll","background-type":"","background-media":"","overlay-type":"","overlay-color":"","overlay-opacity":"","overlay-gradient":""}},"ast-content-background-meta":{"desktop":{"background-color":"var(--ast-global-color-5)","background-image":"","background-repeat":"repeat","background-position":"center center","background-size":"auto","background-attachment":"scroll","background-type":"","background-media":"","overlay-type":"","overlay-color":"","overlay-opacity":"","overlay-gradient":""},"tablet":{"background-color":"var(--ast-global-color-5)","background-image":"","background-repeat":"repeat","background-position":"center center","background-size":"auto","background-attachment":"scroll","background-type":"","background-media":"","overlay-type":"","overlay-color":"","overlay-opacity":"","overlay-gradient":""},"mobile":{"background-color":"var(--ast-global-color-5)","background-image":"","background-repeat":"repeat","background-position":"center center","background-size":"auto","background-attachment":"scroll","background-type":"","background-media":"","overlay-type":"","overlay-color":"","overlay-opacity":"","overlay-gradient":""}},"footnotes":""},"class_list":["post-615","page","type-page","status-publish","hentry"],"acf":[],"uagb_featured_image_src":{"full":false,"thumbnail":false,"medium":false,"medium_large":false,"large":false,"1536x1536":false,"2048x2048":false,"ultp_layout_landscape_large":false,"ultp_layout_landscape":false,"ultp_layout_portrait":false,"ultp_layout_square":false},"uagb_author_info":{"display_name":"bgadmin","author_link":"https:\/\/proyectos.bannisterglobal.com\/abeconsa\/author\/bgadmin\/"},"uagb_comment_info":0,"uagb_excerpt":"AVISO LEGAL I.\u00a0La p\u00e1gina web\u00a0https:\/\/proyectos.bannisterglobal.com\/abeconsa\u00a0ha sido creada y es mantenida por la empresa\u00a0ABECONSA, S.L.\u00a0(en adelante,\u00a0ABECONSA), con CIF n\u00famero B15157779 ABECONSA&nbsp;&nbsp;es [&hellip;]","_links":{"self":[{"href":"https:\/\/proyectos.bannisterglobal.com\/abeconsa\/wp-json\/wp\/v2\/pages\/615","targetHints":{"allow":["GET"]}}],"collection":[{"href":"https:\/\/proyectos.bannisterglobal.com\/abeconsa\/wp-json\/wp\/v2\/pages"}],"about":[{"href":"https:\/\/proyectos.bannisterglobal.com\/abeconsa\/wp-json\/wp\/v2\/types\/page"}],"author":[{"embeddable":true,"href":"https:\/\/proyectos.bannisterglobal.com\/abeconsa\/wp-json\/wp\/v2\/users\/1"}],"replies":[{"embeddable":true,"href":"https:\/\/proyectos.bannisterglobal.com\/abeconsa\/wp-json\/wp\/v2\/comments?post=615"}],"version-history":[{"count":21,"href":"https:\/\/proyectos.bannisterglobal.com\/abeconsa\/wp-json\/wp\/v2\/pages\/615\/revisions"}],"predecessor-version":[{"id":3749,"href":"https:\/\/proyectos.bannisterglobal.com\/abeconsa\/wp-json\/wp\/v2\/pages\/615\/revisions\/3749"}],"wp:attachment":[{"href":"https:\/\/proyectos.bannisterglobal.com\/abeconsa\/wp-json\/wp\/v2\/media?parent=615"}],"curies":[{"name":"wp","href":"https:\/\/api.w.org\/{rel}","templated":true}]}}