{"id":90,"date":"2024-10-14T16:07:44","date_gmt":"2024-10-14T14:07:44","guid":{"rendered":"https:\/\/proyectos.bannisterglobal.com\/abeconsa\/?page_id=90"},"modified":"2026-03-03T16:09:19","modified_gmt":"2026-03-03T15:09:19","slug":"inicio","status":"publish","type":"page","link":"https:\/\/proyectos.bannisterglobal.com\/abeconsa\/","title":{"rendered":"Inicio"},"content":{"rendered":"\n<div class=\"wp-block-cover alignfull is-light home-banner-video\" style=\"padding-top:0;padding-bottom:0;min-height:930px;aspect-ratio:unset;\"><video class=\"wp-block-cover__video-background intrinsic-ignore\" autoplay muted loop playsinline src=\"https:\/\/proyectos.bannisterglobal.com\/abeconsa\/wp-content\/uploads\/2025\/03\/Bannister-Timelapse-Hd-Editado-1.mp4\" style=\"object-position:50% 100%\" data-object-fit=\"cover\" data-object-position=\"50% 100%\"><\/video><span aria-hidden=\"true\" class=\"wp-block-cover__background has-background-dim-20 has-background-dim\" style=\"background-color:#172a3a\"><\/span><div class=\"wp-block-cover__inner-container is-layout-constrained wp-block-cover-is-layout-constrained\">\n<div class=\"wp-block-group is-layout-constrained wp-block-group-is-layout-constrained\">\n<section\n  class=\"texto-banner-video-home\"\n  style=\"width: 100% !important; max-width: 2000px !important;\"\n>\n  <h1 style=\"font-size: 80px; color: #ffffff !important; line-height: 80px; font-weight: 900 !important\">\n    LA CONSTRUCCI\u00d3N<br>DEL <span style=\"font-size: 100px\">FUTURO<\/span><br>DESDE 1988\n  <\/h1>\n<\/section>\n<\/div>\n<\/div><\/div>\n\n\n\n<div class=\"wp-block-group alignfull has-background is-layout-constrained wp-block-group-is-layout-constrained\" style=\"background-color:#f4f4f4\">\n<div class=\"wp-block-columns is-layout-flex wp-container-core-columns-is-layout-123045d2 wp-block-columns-is-layout-flex\">\n<div class=\"wp-block-column is-vertically-aligned-center is-layout-flow wp-block-column-is-layout-flow\" style=\"flex-basis:40%\">\n<figure class=\"wp-block-image size-full foto-movimiento-derecha\"><img loading=\"lazy\" decoding=\"async\" width=\"437\" height=\"396\" src=\"https:\/\/proyectos.bannisterglobal.com\/abeconsa\/wp-content\/uploads\/2025\/01\/home-oleiros-mod.webp\" alt=\"\" class=\"wp-image-2949\" srcset=\"https:\/\/proyectos.bannisterglobal.com\/abeconsa\/wp-content\/uploads\/2025\/01\/home-oleiros-mod.webp 437w, https:\/\/proyectos.bannisterglobal.com\/abeconsa\/wp-content\/uploads\/2025\/01\/home-oleiros-mod-300x272.webp 300w\" sizes=\"auto, (max-width: 437px) 100vw, 437px\" \/><\/figure>\n<\/div>\n\n\n\n<div class=\"wp-block-column is-layout-flow wp-block-column-is-layout-flow\" style=\"flex-basis:60%\">\n<h2 class=\"wp-block-heading home-h2-postbanner\" style=\"font-size:30px\">Somos una constructora con m\u00e1s de 35 a\u00f1os de experiencia en la edificaci\u00f3n de viviendas, industrial, infraestructuras, rehabilitaci\u00f3n y mantenimiento en todo el territorio nacional.&nbsp;<\/h2>\n\n\n\n<p>Contamos con un equipo altamente cualificado y experimentado, capaz de transformar ideas en realidad. Su dedicaci\u00f3n garantiza el \u00e9xito de cada proyecto.<\/p>\n\n\n\n<p>Nos especializamos en crear espacios \u00fanicos en los que materializamos al detalle la visi\u00f3n de nuestros clientes.<\/p>\n<\/div>\n<\/div>\n<\/div>\n\n\n\n<div data-aos= \"fade-right\" data-aos-duration=\"400\" data-aos-delay=\"0\" data-aos-easing=\"ease\" data-aos-once=\"true\" class=\"wp-block-uagb-container uagb-block-6002f3bf alignfull uagb-is-root-container\"><div class=\"uagb-container-inner-blocks-wrap\">\n<div class=\"wp-block-uagb-container uagb-block-126abc7f\">\n<div class=\"wp-block-essential-blocks-flipbox  root-eb-flipbox-6grms\"><div class=\"eb-parent-wrapper eb-parent-eb-flipbox-6grms \"><div class=\"eb-flipbox-container eb-flipbox-6grms eb-flipbox-align-center eb-hover-mode\" data-id=\"eb-flipbox-6grms\" data-flip-type=\"flip-left\" data-flip-mode=\"hover\"><div class=\"eb-flipper flip-left\"><div class=\"eb-flipbox-front\"><div class=\"eb-flipbox-items-container\"><\/div><\/div><div class=\"eb-flipbox-back\"><div class=\"eb-flipbox-items-container\"><div class=\"eb-flipbox-back-title-wrapper\"><h3 class=\"eb-flipbox-back-title\">RESIDENCIAL<\/h3><\/div><div class=\"eb-flipbox-button-container\"><a class=\"eb-flipbox-button-link \" href=\"https:\/\/proyectos.bannisterglobal.com\/abeconsa\/residencial\/\" target=\"_self\" rel=\"noopener\"><div class=\"eb-flipbox-button-content\"><span><\/span><span class=\"dashicon dashicons dashicons-plus-alt eb-flipbox-button-icon\"><\/span><\/div><\/a><\/div><\/div><\/div><\/div><\/div><\/div><\/div>\n<\/div>\n\n\n\n<div class=\"wp-block-uagb-container uagb-block-b27883e4\">\n<div class=\"wp-block-essential-blocks-flipbox  root-eb-flipbox-ior7k\"><div class=\"eb-parent-wrapper eb-parent-eb-flipbox-ior7k \"><div class=\"eb-flipbox-container eb-flipbox-ior7k eb-flipbox-align-center eb-hover-mode\" data-id=\"eb-flipbox-ior7k\" data-flip-type=\"flip-left\" data-flip-mode=\"hover\"><div class=\"eb-flipper flip-left\"><div class=\"eb-flipbox-front\"><div class=\"eb-flipbox-items-container\"><\/div><\/div><div class=\"eb-flipbox-back\"><div class=\"eb-flipbox-items-container\"><div class=\"eb-flipbox-back-title-wrapper\"><h3 class=\"eb-flipbox-back-title\">INDUSTRIAL<\/h3><\/div><div class=\"eb-flipbox-button-container\"><a class=\"eb-flipbox-button-link \" href=\"https:\/\/proyectos.bannisterglobal.com\/abeconsa\/industrial\/\" target=\"_self\" rel=\"noopener\"><div class=\"eb-flipbox-button-content\"><span><\/span><span class=\"dashicon dashicons dashicons-plus-alt eb-flipbox-button-icon\"><\/span><\/div><\/a><\/div><\/div><\/div><\/div><\/div><\/div><\/div>\n<\/div>\n\n\n\n<div class=\"wp-block-uagb-container uagb-block-96f0f22e\">\n<div class=\"wp-block-essential-blocks-flipbox  root-eb-flipbox-kg3br\"><div class=\"eb-parent-wrapper eb-parent-eb-flipbox-kg3br \"><div class=\"eb-flipbox-container eb-flipbox-kg3br eb-flipbox-align-center eb-hover-mode\" data-id=\"eb-flipbox-kg3br\" data-flip-type=\"flip-left\" data-flip-mode=\"hover\"><div class=\"eb-flipper flip-left\"><div class=\"eb-flipbox-front\"><div class=\"eb-flipbox-items-container\"><\/div><\/div><div class=\"eb-flipbox-back\"><div class=\"eb-flipbox-items-container\"><div class=\"eb-flipbox-back-title-wrapper\"><h3 class=\"eb-flipbox-back-title\">INFRAESTRUCTURAS<\/h3><\/div><div class=\"eb-flipbox-button-container\"><a class=\"eb-flipbox-button-link \" href=\"https:\/\/proyectos.bannisterglobal.com\/abeconsa\/infraestructura-y-regeneracion-urbana\/\" target=\"_self\" rel=\"noopener\"><div class=\"eb-flipbox-button-content\"><span><\/span><span class=\"dashicon dashicons dashicons-plus-alt eb-flipbox-button-icon\"><\/span><\/div><\/a><\/div><\/div><\/div><\/div><\/div><\/div><\/div>\n<\/div>\n<\/div><\/div>\n\n\n\n<div data-aos= \"fade-right\" data-aos-duration=\"400\" data-aos-delay=\"0\" data-aos-easing=\"ease\" data-aos-once=\"true\" class=\"wp-block-uagb-container uagb-block-fd23d81c alignfull uagb-is-root-container\"><div class=\"uagb-container-inner-blocks-wrap\">\n<div class=\"wp-block-uagb-container uagb-block-71a309d0\">\n<div class=\"wp-block-essential-blocks-flipbox  root-eb-flipbox-yeu51\"><div class=\"eb-parent-wrapper eb-parent-eb-flipbox-yeu51 \"><div class=\"eb-flipbox-container eb-flipbox-yeu51 eb-flipbox-align-center eb-hover-mode\" data-id=\"eb-flipbox-yeu51\" data-flip-type=\"flip-left\" data-flip-mode=\"hover\"><div class=\"eb-flipper flip-left\"><div class=\"eb-flipbox-front\"><div class=\"eb-flipbox-items-container\"><\/div><\/div><div class=\"eb-flipbox-back\"><div class=\"eb-flipbox-items-container\"><div class=\"eb-flipbox-back-title-wrapper\"><h3 class=\"eb-flipbox-back-title\">REHABILITACI\u00d3N<\/h3><\/div><div class=\"eb-flipbox-button-container\"><a class=\"eb-flipbox-button-link \" href=\"https:\/\/proyectos.bannisterglobal.com\/abeconsa\/rehabilitacion\/\" target=\"_self\" rel=\"noopener\"><div class=\"eb-flipbox-button-content\"><span><\/span><span class=\"dashicon dashicons dashicons-plus-alt eb-flipbox-button-icon\"><\/span><\/div><\/a><\/div><\/div><\/div><\/div><\/div><\/div><\/div>\n<\/div>\n\n\n\n<div class=\"wp-block-uagb-container uagb-block-dc17ddd8\">\n<div class=\"wp-block-essential-blocks-flipbox  root-eb-flipbox-pgo60\"><div class=\"eb-parent-wrapper eb-parent-eb-flipbox-pgo60 \"><div class=\"eb-flipbox-container eb-flipbox-pgo60 eb-flipbox-align-center eb-hover-mode\" data-id=\"eb-flipbox-pgo60\" data-flip-type=\"flip-left\" data-flip-mode=\"hover\"><div class=\"eb-flipper flip-left\"><div class=\"eb-flipbox-front\"><div class=\"eb-flipbox-items-container\"><\/div><\/div><div class=\"eb-flipbox-back\"><div class=\"eb-flipbox-items-container\"><div class=\"eb-flipbox-back-title-wrapper\"><h3 class=\"eb-flipbox-back-title\">MANTENIMIENTO<\/h3><\/div><div class=\"eb-flipbox-button-container\"><a class=\"eb-flipbox-button-link \" href=\"https:\/\/proyectos.bannisterglobal.com\/abeconsa\/mantenimiento-y-reparaciones-de-edificios\/\" target=\"_self\" rel=\"noopener\"><div class=\"eb-flipbox-button-content\"><span><\/span><span class=\"dashicon dashicons dashicons-plus-alt eb-flipbox-button-icon\"><\/span><\/div><\/a><\/div><\/div><\/div><\/div><\/div><\/div><\/div>\n<\/div>\n\n\n\n<div class=\"wp-block-uagb-container uagb-block-0bf1daa0\"><\/div>\n<\/div><\/div>\n\n\n\n<div class=\"wp-block-group alignfull contenedor-texto-bucle is-layout-constrained wp-block-group-is-layout-constrained\" style=\"padding-top:50px;padding-bottom:50px\">\n<div class=\"texto-en-movimiento-dcha\">\n    <span class=\"texto-dcha\">CALIDAD Y SOLIDEZ \u25cf COMPROMISOS CUMPLIDOS \u25cf CONSTRUCCI\u00d3N SOBRE SEGURO \u25cf <\/span>\n    <span class=\"texto-dcha\">CALIDAD Y SOLIDEZ \u25cf COMPROMISOS CUMPLIDOS \u25cf CONSTRUCCI\u00d3N SOBRE SEGURO \u25cf <\/span>\n    <span class=\"texto-dcha\">CALIDAD Y SOLIDEZ \u25cf COMPROMISOS CUMPLIDOS \u25cf CONSTRUCCI\u00d3N SOBRE SEGURO \u25cf <\/span>\n    <span class=\"texto-dcha\">CALIDAD Y SOLIDEZ \u25cf COMPROMISOS CUMPLIDOS \u25cf CONSTRUCCI\u00d3N SOBRE SEGURO \u25cf <\/span>\n    <span class=\"texto-dcha\">CALIDAD Y SOLIDEZ \u25cf COMPROMISOS CUMPLIDOS \u25cf CONSTRUCCI\u00d3N SOBRE SEGURO \u25cf <\/span>\n    <span class=\"texto-dcha\">CALIDAD Y SOLIDEZ \u25cf COMPROMISOS CUMPLIDOS \u25cf CONSTRUCCI\u00d3N SOBRE SEGURO \u25cf <\/span>\n    <span class=\"texto-dcha\">CALIDAD Y SOLIDEZ \u25cf COMPROMISOS CUMPLIDOS \u25cf CONSTRUCCI\u00d3N SOBRE SEGURO \u25cf <\/span>\n    <span class=\"texto-dcha\">CALIDAD Y SOLIDEZ \u25cf COMPROMISOS CUMPLIDOS \u25cf CONSTRUCCI\u00d3N SOBRE SEGURO \u25cf <\/span>\n<\/div>\n\n\n\n<div class=\"texto-en-movimiento-izda\">\n    <span class=\"texto-izda\">PRECISI\u00d3N Y SOLVENCIA EN CADA OBRA \u25cf CERCAN\u00cdA Y CONFIANZA \u25cf CONOCIMIENTO Y ESPECIALIZACI\u00d3N \u25cf <\/span>\n    <span class=\"texto-izda\">PRECISI\u00d3N Y SOLVENCIA EN CADA OBRA \u25cf CERCAN\u00cdA Y CONFIANZA \u25cf CONOCIMIENTO Y ESPECIALIZACI\u00d3N \u25cf <\/span>\n    <span class=\"texto-izda\">PRECISI\u00d3N Y SOLVENCIA EN CADA OBRA \u25cf CERCAN\u00cdA Y CONFIANZA \u25cf CONOCIMIENTO Y ESPECIALIZACI\u00d3N \u25cf <\/span>\n    <span class=\"texto-izda\">PRECISI\u00d3N Y SOLVENCIA EN CADA OBRA \u25cf CERCAN\u00cdA Y CONFIANZA \u25cf CONOCIMIENTO Y ESPECIALIZACI\u00d3N \u25cf <\/span>\n    <span class=\"texto-izda\">PRECISI\u00d3N Y SOLVENCIA EN CADA OBRA \u25cf CERCAN\u00cdA Y CONFIANZA \u25cf CONOCIMIENTO Y ESPECIALIZACI\u00d3N \u25cf <\/span>\n    <span class=\"texto-izda\">PRECISI\u00d3N Y SOLVENCIA EN CADA OBRA \u25cf CERCAN\u00cdA Y CONFIANZA \u25cf CONOCIMIENTO Y ESPECIALIZACI\u00d3N \u25cf <\/span>\n    <span class=\"texto-izda\">PRECISI\u00d3N Y SOLVENCIA EN CADA OBRA \u25cf CERCAN\u00cdA Y CONFIANZA \u25cf CONOCIMIENTO Y ESPECIALIZACI\u00d3N \u25cf <\/span>\n    <span class=\"texto-izda\">PRECISI\u00d3N Y SOLVENCIA EN CADA OBRA \u25cf CERCAN\u00cdA Y CONFIANZA \u25cf CONOCIMIENTO Y ESPECIALIZACI\u00d3N \u25cf <\/span>\n<\/div>\n<\/div>\n\n\n\n<div class=\"wp-block-group alignfull is-layout-constrained wp-container-core-group-is-layout-9ac8e421 wp-block-group-is-layout-constrained\" id=\"services\" style=\"padding-top:50px;padding-bottom:100px\">\n<h2 class=\"wp-block-heading\" id=\"ABECONSA_AL_D\u00cdA\" style=\"margin-bottom:0\">ABECONSA AL D\u00cdA<\/h2>\n\n\n\n<div style=\"margin-top:0;margin-bottom:0;height:2rem\" aria-hidden=\"true\" class=\"wp-block-spacer\"><\/div>\n\n\n\n<div class=\"wp-block-columns home-abeconsaaldia-padre is-layout-flex wp-container-core-columns-is-layout-8eafb21d wp-block-columns-is-layout-flex\" style=\"margin-top:0px\">\n<div class=\"wp-block-column home-col-abeconsaaldia is-layout-flow wp-container-core-column-is-layout-6b73ce23 wp-block-column-is-layout-flow\">\n<figure class=\"wp-block-image size-full\"><img loading=\"lazy\" decoding=\"async\" width=\"384\" height=\"300\" src=\"https:\/\/proyectos.bannisterglobal.com\/abeconsa\/wp-content\/uploads\/2026\/03\/obra-juan-florez-maestro-clave-home.png\" alt=\"\" class=\"wp-image-4888\" srcset=\"https:\/\/proyectos.bannisterglobal.com\/abeconsa\/wp-content\/uploads\/2026\/03\/obra-juan-florez-maestro-clave-home.png 384w, https:\/\/proyectos.bannisterglobal.com\/abeconsa\/wp-content\/uploads\/2026\/03\/obra-juan-florez-maestro-clave-home-300x234.png 300w\" sizes=\"auto, (max-width: 384px) 100vw, 384px\" \/><\/figure>\n\n\n\n<div class=\"wp-block-group home-col-abeconsaaldia-contenido is-layout-constrained wp-container-core-group-is-layout-639b5052 wp-block-group-is-layout-constrained\" style=\"padding-top:0;padding-right:0;padding-bottom:0;padding-left:0\">\n<h3 class=\"wp-block-heading\" id=\"Talento\" style=\"margin-top:16px;font-size:25px\">Nuevo complejo residencial de 22 viviendas en A Coru\u00f1a<\/h3>\n\n\n\n<p style=\"margin-bottom:0;font-size:20px\">El complejo se distribuye en dos edificios conectados por un garaje comunitario<\/p>\n\n\n\n<div class=\"wp-block-group grupo-flechayboton is-layout-constrained wp-block-group-is-layout-constrained\">\n<figure class=\"wp-block-image size-full is-resized flechaparaboton2\"><img loading=\"lazy\" decoding=\"async\" width=\"173\" height=\"33\" src=\"https:\/\/proyectos.bannisterglobal.com\/abeconsa\/wp-content\/uploads\/2024\/10\/Recurso-3.png\" alt=\"\" class=\"wp-image-153\" style=\"width:100px\"\/><\/figure>\n\n\n\n<div class=\"wp-block-buttons grupo-flechayboton-botones is-content-justification-right is-layout-flex wp-container-core-buttons-is-layout-d445cf74 wp-block-buttons-is-layout-flex\">\n<div class=\"wp-block-button botonparaflecha2\"><a class=\"wp-block-button__link has-black-color has-ast-global-color-5-background-color has-text-color has-background has-link-color has-custom-font-size wp-element-button\" href=\"https:\/\/proyectos.bannisterglobal.com\/abeconsa\/obra\/conjunto-residencial-de-22-viviendas-en-a-coruna\/\" style=\"padding-top:0;padding-right:0;padding-bottom:0;padding-left:0;font-size:14px\">M\u00c1S INFORMACI\u00d3N<\/a><\/div>\n<\/div>\n<\/div>\n<\/div>\n<\/div>\n\n\n\n<div class=\"wp-block-column home-col-abeconsaaldia is-layout-flow wp-container-core-column-is-layout-6b73ce23 wp-block-column-is-layout-flow\">\n<figure class=\"wp-block-image size-full\"><img loading=\"lazy\" decoding=\"async\" width=\"384\" height=\"300\" src=\"https:\/\/proyectos.bannisterglobal.com\/abeconsa\/wp-content\/uploads\/2026\/01\/complejo-viviendas-jose-ribera-pozuelo-de-alarcon-home.png\" alt=\"\" class=\"wp-image-4808\" srcset=\"https:\/\/proyectos.bannisterglobal.com\/abeconsa\/wp-content\/uploads\/2026\/01\/complejo-viviendas-jose-ribera-pozuelo-de-alarcon-home.png 384w, https:\/\/proyectos.bannisterglobal.com\/abeconsa\/wp-content\/uploads\/2026\/01\/complejo-viviendas-jose-ribera-pozuelo-de-alarcon-home-300x234.png 300w\" sizes=\"auto, (max-width: 384px) 100vw, 384px\" \/><\/figure>\n\n\n\n<div class=\"wp-block-group home-col-abeconsaaldia-contenido is-layout-constrained wp-container-core-group-is-layout-639b5052 wp-block-group-is-layout-constrained\" style=\"padding-top:0;padding-right:0;padding-bottom:0;padding-left:0\">\n<h3 class=\"wp-block-heading\" id=\"Talento\" style=\"margin-top:16px;font-size:25px\">Finalizamos la construcci\u00f3n de un complejo de 58 viviendas<\/h3>\n\n\n\n<p style=\"margin-bottom:0;font-size:20px\">El proyecto se compone de dos edificios y zonas comunes en Pozuelo de Alarc\u00f3n<\/p>\n\n\n\n<div class=\"wp-block-group grupo-flechayboton is-layout-constrained wp-block-group-is-layout-constrained\">\n<figure class=\"wp-block-image size-full is-resized flechaparaboton1\"><img loading=\"lazy\" decoding=\"async\" width=\"173\" height=\"33\" src=\"https:\/\/proyectos.bannisterglobal.com\/abeconsa\/wp-content\/uploads\/2024\/10\/Recurso-3.png\" alt=\"\" class=\"wp-image-153\" style=\"width:100px\"\/><\/figure>\n\n\n\n<div class=\"wp-block-buttons grupo-flechayboton-botones is-content-justification-right is-layout-flex wp-container-core-buttons-is-layout-d445cf74 wp-block-buttons-is-layout-flex\">\n<div class=\"wp-block-button botonparaflecha1\"><a class=\"wp-block-button__link has-black-color has-ast-global-color-5-background-color has-text-color has-background has-link-color has-custom-font-size wp-element-button\" href=\"https:\/\/proyectos.bannisterglobal.com\/abeconsa\/noticia\/completada-la-construccion-de-un-conjunto-residencial-de-58-viviendas-en-pozuelo-de-alarcon\/\" style=\"padding-top:0;padding-right:0;padding-bottom:0;padding-left:0;font-size:14px\">M\u00c1S INFORMACI\u00d3N<\/a><\/div>\n<\/div>\n<\/div>\n<\/div>\n<\/div>\n\n\n\n<div class=\"wp-block-column home-col-abeconsaaldia is-layout-flow wp-container-core-column-is-layout-6b73ce23 wp-block-column-is-layout-flow\">\n<figure class=\"wp-block-image size-full\"><img loading=\"lazy\" decoding=\"async\" width=\"384\" height=\"302\" src=\"https:\/\/proyectos.bannisterglobal.com\/abeconsa\/wp-content\/uploads\/2025\/03\/home-empleo-noticia.jpg\" alt=\"\" class=\"wp-image-3445\" srcset=\"https:\/\/proyectos.bannisterglobal.com\/abeconsa\/wp-content\/uploads\/2025\/03\/home-empleo-noticia.jpg 384w, https:\/\/proyectos.bannisterglobal.com\/abeconsa\/wp-content\/uploads\/2025\/03\/home-empleo-noticia-300x236.jpg 300w\" sizes=\"auto, (max-width: 384px) 100vw, 384px\" \/><\/figure>\n\n\n\n<div class=\"wp-block-group home-col-abeconsaaldia-contenido is-layout-constrained wp-container-core-group-is-layout-639b5052 wp-block-group-is-layout-constrained\" style=\"padding-top:0;padding-right:0;padding-bottom:0;padding-left:0\">\n<h3 class=\"wp-block-heading\" id=\"Talento\" style=\"margin-top:16px;font-size:25px\">\u00bfQuieres unirte al equipo Abeconsa?<\/h3>\n\n\n\n<p style=\"margin-bottom:0;font-size:20px\">Consulta todos los procesos de selecci\u00f3n que tenemos abiertos<\/p>\n\n\n\n<div class=\"wp-block-group grupo-flechayboton is-layout-constrained wp-block-group-is-layout-constrained\">\n<figure class=\"wp-block-image size-full is-resized flechaparaboton3\"><img loading=\"lazy\" decoding=\"async\" width=\"173\" height=\"33\" src=\"https:\/\/proyectos.bannisterglobal.com\/abeconsa\/wp-content\/uploads\/2024\/10\/Recurso-3.png\" alt=\"\" class=\"wp-image-153\" style=\"width:105px;height:auto\"\/><\/figure>\n\n\n\n<div class=\"wp-block-buttons grupo-flechayboton-botones is-content-justification-right is-layout-flex wp-container-core-buttons-is-layout-d445cf74 wp-block-buttons-is-layout-flex\">\n<div class=\"wp-block-button botonparaflecha3\"><a class=\"wp-block-button__link has-black-color has-ast-global-color-5-background-color has-text-color has-background has-link-color has-custom-font-size wp-element-button\" href=\"https:\/\/proyectos.bannisterglobal.com\/abeconsa\/empleo\/\" style=\"padding-top:0;padding-right:0;padding-bottom:0;padding-left:0;font-size:14px\">M\u00c1S INFORMACI\u00d3N<\/a><\/div>\n<\/div>\n<\/div>\n<\/div>\n<\/div>\n<\/div>\n<\/div>\n\n\n\n<p><\/p>\n","protected":false},"excerpt":{"rendered":"<p>Somos una constructora con m\u00e1s de 35 a\u00f1os de experiencia en la edificaci\u00f3n de viviendas, industrial, infraestructuras, rehabilitaci\u00f3n y mantenimiento [&hellip;]<\/p>\n","protected":false},"author":1,"featured_media":0,"parent":0,"menu_order":0,"comment_status":"closed","ping_status":"closed","template":"","meta":{"_acf_changed":false,"_eb_attr":"","_uag_custom_page_level_css":"","site-sidebar-layout":"no-sidebar","site-content-layout":"plain-container","ast-site-content-layout":"","site-content-style":"default","site-sidebar-style":"default","ast-global-header-display":"","ast-banner-title-visibility":"","ast-main-header-display":"","ast-hfb-above-header-display":"","ast-hfb-below-header-display":"","ast-hfb-mobile-header-display":"","site-post-title":"disabled","ast-breadcrumbs-content":"","ast-featured-img":"","footer-sml-layout":"","ast-disable-related-posts":"","theme-transparent-header-meta":"enabled","adv-header-id-meta":"","stick-header-meta":"","header-above-stick-meta":"","header-main-stick-meta":"","header-below-stick-meta":"","astra-migrate-meta-layouts":"default","ast-page-background-enabled":"default","ast-page-background-meta":{"desktop":{"background-color":"var(--ast-global-color-4)","background-image":"","background-repeat":"repeat","background-position":"center center","background-size":"auto","background-attachment":"scroll","background-type":"","background-media":"","overlay-type":"","overlay-color":"","overlay-opacity":"","overlay-gradient":""},"tablet":{"background-color":"","background-image":"","background-repeat":"repeat","background-position":"center center","background-size":"auto","background-attachment":"scroll","background-type":"","background-media":"","overlay-type":"","overlay-color":"","overlay-opacity":"","overlay-gradient":""},"mobile":{"background-color":"","background-image":"","background-repeat":"repeat","background-position":"center center","background-size":"auto","background-attachment":"scroll","background-type":"","background-media":"","overlay-type":"","overlay-color":"","overlay-opacity":"","overlay-gradient":""}},"ast-content-background-meta":{"desktop":{"background-color":"var(--ast-global-color-5)","background-image":"","background-repeat":"repeat","background-position":"center center","background-size":"auto","background-attachment":"scroll","background-type":"","background-media":"","overlay-type":"","overlay-color":"","overlay-opacity":"","overlay-gradient":""},"tablet":{"background-color":"var(--ast-global-color-5)","background-image":"","background-repeat":"repeat","background-position":"center center","background-size":"auto","background-attachment":"scroll","background-type":"","background-media":"","overlay-type":"","overlay-color":"","overlay-opacity":"","overlay-gradient":""},"mobile":{"background-color":"var(--ast-global-color-5)","background-image":"","background-repeat":"repeat","background-position":"center center","background-size":"auto","background-attachment":"scroll","background-type":"","background-media":"","overlay-type":"","overlay-color":"","overlay-opacity":"","overlay-gradient":""}},"footnotes":""},"class_list":["post-90","page","type-page","status-publish","hentry"],"acf":[],"uagb_featured_image_src":{"full":false,"thumbnail":false,"medium":false,"medium_large":false,"large":false,"1536x1536":false,"2048x2048":false,"ultp_layout_landscape_large":false,"ultp_layout_landscape":false,"ultp_layout_portrait":false,"ultp_layout_square":false},"uagb_author_info":{"display_name":"bgadmin","author_link":"https:\/\/proyectos.bannisterglobal.com\/abeconsa\/author\/bgadmin\/"},"uagb_comment_info":0,"uagb_excerpt":"Somos una constructora con m\u00e1s de 35 a\u00f1os de experiencia en la edificaci\u00f3n de viviendas, industrial, infraestructuras, rehabilitaci\u00f3n y mantenimiento [&hellip;]","_links":{"self":[{"href":"https:\/\/proyectos.bannisterglobal.com\/abeconsa\/wp-json\/wp\/v2\/pages\/90","targetHints":{"allow":["GET"]}}],"collection":[{"href":"https:\/\/proyectos.bannisterglobal.com\/abeconsa\/wp-json\/wp\/v2\/pages"}],"about":[{"href":"https:\/\/proyectos.bannisterglobal.com\/abeconsa\/wp-json\/wp\/v2\/types\/page"}],"author":[{"embeddable":true,"href":"https:\/\/proyectos.bannisterglobal.com\/abeconsa\/wp-json\/wp\/v2\/users\/1"}],"replies":[{"embeddable":true,"href":"https:\/\/proyectos.bannisterglobal.com\/abeconsa\/wp-json\/wp\/v2\/comments?post=90"}],"version-history":[{"count":131,"href":"https:\/\/proyectos.bannisterglobal.com\/abeconsa\/wp-json\/wp\/v2\/pages\/90\/revisions"}],"predecessor-version":[{"id":4890,"href":"https:\/\/proyectos.bannisterglobal.com\/abeconsa\/wp-json\/wp\/v2\/pages\/90\/revisions\/4890"}],"wp:attachment":[{"href":"https:\/\/proyectos.bannisterglobal.com\/abeconsa\/wp-json\/wp\/v2\/media?parent=90"}],"curies":[{"name":"wp","href":"https:\/\/api.w.org\/{rel}","templated":true}]}}