{"id":241395,"date":"2022-12-13T13:16:05","date_gmt":"2022-12-13T13:16:05","guid":{"rendered":"https:\/\/ceramicacampo.es\/?page_id=241395"},"modified":"2024-02-22T16:31:18","modified_gmt":"2024-02-22T15:31:18","slug":"gestion-de-calidad-medioambiente-y-sostenibilidad","status":"publish","type":"page","link":"https:\/\/proyectos.bannisterglobal.com\/campo\/gestion-de-calidad-medioambiente-y-sostenibilidad\/","title":{"rendered":"GESTI\u00d3N DE CALIDAD, MEDIOAMBIENTE Y SOSTENIBILIDAD"},"content":{"rendered":"\n<div class=\"wp-block-group\"><div class=\"wp-block-group__inner-container is-layout-constrained wp-block-group-is-layout-constrained\">\n<p>En Cer\u00e1mica Campo desarrollamos toda nuestra actividad industrial y empresarial asumiendo un compromiso de m\u00e1xima exigencia respecto de la calidad de nuestros productos, de la sostenibilidad y del respeto por el medioambiente.<\/p>\n\n\n\n<p>Para alcanzar los objetivos planteados en nuestra <strong><a href=\"https:\/\/ceramicacampo.es\/politica-de-calidad-medioambiente-y-sostenibilidad-minera\/\">Pol\u00edtica de Calidad, Medioambiente y Sostenibilidad Minera<\/a> <\/strong>, en las empresas y plantas de producci\u00f3n de Cer\u00e1mica Campo aplicamos un Sistema de Gesti\u00f3n de Calidad, Medioambiente y Miner\u00eda Sostenible acorde con los requisitos de las\u202f<strong>normas ISO 9001:2015, ISO 14001:2015\u202fy\u202fUNE 22480:2019<\/strong>. A su vez, para garantizar que nuestro Sistema de Gesti\u00f3n pueda alcanzar la m\u00e1xima confiabilidad frente a terceros, \u00e9ste ha sido sometido a un proceso de certificaci\u00f3n por parte de AENOR E IQNet, organizaciones independientes que certifican nuestro Sistema de Gesti\u00f3n en los siguientes t\u00e9rminos:<\/p>\n\n\n\n<ul>\n<li>Certificados del Sistema de Gesti\u00f3n de la Calidad (ISO 9001) emitidos por AENOR e IQNet a favor de Epifanio Campo, SL; Pretensados Campo, SL y Refractarios Campo, SL.&nbsp;<\/li>\n\n\n\n<li>Certificados del Sistema de Gesti\u00f3n Ambiental (ISO 14001) emitidos por AENOR e IQNet a favor de Epifanio Campo, SL y Refractarios Campo, SL.&nbsp;<\/li>\n\n\n\n<li>Certificados del Sistema de Gesti\u00f3n Minera Sostenible (UNE 22480) emitidos por AENOR a favor de Epifanio Campo, SL y Refractarios Campo, SL.&nbsp;<\/li>\n<\/ul>\n\n\n\n<p>Puedes descargarte todos nuestros certificados haciendo clic en el logo correspondiente.&nbsp;<\/p>\n<\/div><\/div>\n\n\n\n<div class=\"wp-block-group alignwide has-padding-top-none has-padding-bottom-none\"><div class=\"wp-block-group__inner-container is-layout-constrained wp-block-group-is-layout-constrained\">\n<h2 class=\"has-text-align-center wp-block-heading\"><strong>Certificados de Epifanio Campo, SL.<\/strong>&nbsp;<\/h2>\n\n\n\n<div class=\"wp-block-columns reducir-margin is-layout-flex wp-container-core-columns-is-layout-1 wp-block-columns-is-layout-flex\">\n<div class=\"wp-block-column is-layout-flow wp-block-column-is-layout-flow\">\n<figure class=\"wp-block-image aligncenter size-full\"><a onclick=\"window.open('https:\/\/ceramicacampo.es\/wp-content\/uploads\/epifanio-campo-iso-9001-certificado-aenor-er-0059-1999-2023-2026-1.pdf','_blank')\" href=\"#\" rel=\"noreferrer noopener\"><img loading=\"lazy\" decoding=\"async\" width=\"96\" height=\"81\" src=\"https:\/\/ceramicacampo.es\/wp-content\/uploads\/gestion-calidad-aenor.png\" alt=\"Gestion calidad aenor\" class=\"wp-image-308\"><\/a><\/figure>\n<\/div>\n\n\n\n<div class=\"wp-block-column is-layout-flow wp-block-column-is-layout-flow\">\n<figure class=\"wp-block-image aligncenter size-full\"><a onclick=\"window.open('https:\/\/ceramicacampo.es\/wp-content\/uploads\/epifanio-campo-iso-9001-certificado-iqnet-es-0059-1999-2023-2026-1.pdf','_blank')\" href=\"#\" rel=\"noreferrer noopener\"><img loading=\"lazy\" decoding=\"async\" src=\"https:\/\/ceramicacampo.es\/wp-content\/uploads\/logo-iqnet-ed-iso9001.jpg\" alt=\"Logo iqnet ed iso9001\" class=\"wp-image-241400\" width=\"79\" height=\"79\" srcset=\"https:\/\/proyectos.bannisterglobal.com\/campo\/wp-content\/uploads\/logo-iqnet-ed-iso9001.jpg 193w, https:\/\/proyectos.bannisterglobal.com\/campo\/wp-content\/uploads\/logo-iqnet-ed-iso9001-150x150.jpg 150w\" sizes=\"(max-width: 79px) 100vw, 79px\" \/><\/a><\/figure>\n<\/div>\n\n\n\n<div class=\"wp-block-column is-layout-flow wp-block-column-is-layout-flow\">\n<figure class=\"wp-block-image aligncenter size-full\"><a onclick=\"window.open('https:\/\/ceramicacampo.es\/wp-content\/uploads\/epifanio-campo-iso-14001-certificado-aenor-ga-2022-0242-2022-2025.pdf','_blank')\" href=\"#\" rel=\"noreferrer noopener\"><img loading=\"lazy\" decoding=\"async\" src=\"https:\/\/ceramicacampo.es\/wp-content\/uploads\/selloaenoriso14001_pos.jpg\" alt=\"Selloaenoriso14001_pos\" class=\"wp-image-241402\" width=\"102\" height=\"86\" srcset=\"https:\/\/proyectos.bannisterglobal.com\/campo\/wp-content\/uploads\/selloaenoriso14001_pos.jpg 904w, https:\/\/proyectos.bannisterglobal.com\/campo\/wp-content\/uploads\/selloaenoriso14001_pos-300x254.jpg 300w, https:\/\/proyectos.bannisterglobal.com\/campo\/wp-content\/uploads\/selloaenoriso14001_pos-768x649.jpg 768w, https:\/\/proyectos.bannisterglobal.com\/campo\/wp-content\/uploads\/selloaenoriso14001_pos-760x642.jpg 760w\" sizes=\"(max-width: 102px) 100vw, 102px\" \/><\/a><\/figure>\n<\/div>\n\n\n\n<div class=\"wp-block-column is-layout-flow wp-block-column-is-layout-flow\">\n<figure class=\"wp-block-image aligncenter size-full\"><a onclick=\"window.open('https:\/\/ceramicacampo.es\/wp-content\/uploads\/epifanio-campo-iso-14001-certificado-iqnet-es-2022-0242-2022-2025.pdf','_blank')\" href=\"#\" rel=\"noreferrer noopener\"><img loading=\"lazy\" decoding=\"async\" src=\"https:\/\/ceramicacampo.es\/wp-content\/uploads\/logo-iqnet-ed-iso14001.jpg\" alt=\"\" class=\"wp-image-241468\" width=\"86\" height=\"86\" srcset=\"https:\/\/proyectos.bannisterglobal.com\/campo\/wp-content\/uploads\/logo-iqnet-ed-iso14001.jpg 193w, https:\/\/proyectos.bannisterglobal.com\/campo\/wp-content\/uploads\/logo-iqnet-ed-iso14001-150x150.jpg 150w\" sizes=\"(max-width: 86px) 100vw, 86px\" \/><\/a><\/figure>\n<\/div>\n\n\n\n<div class=\"wp-block-column is-layout-flow wp-block-column-is-layout-flow\">\n<figure class=\"wp-block-image aligncenter size-full\"><a onclick=\"window.open('https:\/\/ceramicacampo.es\/wp-content\/uploads\/epifanio-campo-une-22480-certificado-aenor-gms-2022-0002-2022-2025.pdf','_blank')\" href=\"#\" rel=\"noreferrer noopener\"><img loading=\"lazy\" decoding=\"async\" src=\"https:\/\/ceramicacampo.es\/wp-content\/uploads\/sello-aenor_gestion_minera_sostenible_une22480_pos.png\" alt=\"Sello aenor_gestion_minera_sostenible_une22480_pos\" class=\"wp-image-241401\" width=\"104\" height=\"88\" srcset=\"https:\/\/proyectos.bannisterglobal.com\/campo\/wp-content\/uploads\/sello-aenor_gestion_minera_sostenible_une22480_pos.png 904w, https:\/\/proyectos.bannisterglobal.com\/campo\/wp-content\/uploads\/sello-aenor_gestion_minera_sostenible_une22480_pos-300x252.png 300w, https:\/\/proyectos.bannisterglobal.com\/campo\/wp-content\/uploads\/sello-aenor_gestion_minera_sostenible_une22480_pos-768x646.png 768w, https:\/\/proyectos.bannisterglobal.com\/campo\/wp-content\/uploads\/sello-aenor_gestion_minera_sostenible_une22480_pos-760x639.png 760w\" sizes=\"(max-width: 104px) 100vw, 104px\" \/><\/a><\/figure>\n<\/div>\n<\/div>\n<\/div><\/div>\n\n\n\n<div class=\"wp-block-group alignwide\"><div class=\"wp-block-group__inner-container is-layout-constrained wp-block-group-is-layout-constrained\">\n<h2 class=\"has-text-align-center wp-block-heading\"><strong><strong>Certificados de Pretensados Campo. SL<\/strong>.<\/strong>&nbsp;<\/h2>\n\n\n\n<div class=\"wp-block-columns reducir-margin-especial is-layout-flex wp-container-core-columns-is-layout-2 wp-block-columns-is-layout-flex\">\n<div class=\"wp-block-column is-layout-flow wp-block-column-is-layout-flow\">\n<figure class=\"wp-block-image aligncenter size-full\"><a onclick=\"window.open('https:\/\/ceramicacampo.es\/wp-content\/uploads\/pretensados-campo-iso-9001-certificado-aenor-er-1063-1999-2023-2026.pdf','_blank')\" href=\"#\" rel=\"noreferrer noopener\"><img loading=\"lazy\" decoding=\"async\" src=\"https:\/\/ceramicacampo.es\/wp-content\/uploads\/gestion-calidad-aenor.png\" alt=\"Gestion calidad aenor\" class=\"wp-image-308\" width=\"74\" height=\"62\"><\/a><\/figure>\n<\/div>\n\n\n\n<div class=\"wp-block-column is-layout-flow wp-block-column-is-layout-flow\">\n<figure class=\"wp-block-image aligncenter size-full\"><a onclick=\"window.open('https:\/\/ceramicacampo.es\/wp-content\/uploads\/pretensados-campo-iso-9001-certificado-iqnet-es-1063-1999-2023-2026.pdf','_blank')\" href=\"#\" rel=\"noreferrer noopener\"><img loading=\"lazy\" decoding=\"async\" src=\"https:\/\/ceramicacampo.es\/wp-content\/uploads\/logo-iqnet-ed-iso9001.jpg\" alt=\"Logo iqnet ed iso9001\" class=\"wp-image-241400\" width=\"71\" height=\"71\" srcset=\"https:\/\/proyectos.bannisterglobal.com\/campo\/wp-content\/uploads\/logo-iqnet-ed-iso9001.jpg 193w, https:\/\/proyectos.bannisterglobal.com\/campo\/wp-content\/uploads\/logo-iqnet-ed-iso9001-150x150.jpg 150w\" sizes=\"(max-width: 71px) 100vw, 71px\" \/><\/a><\/figure>\n<\/div>\n<\/div>\n<\/div><\/div>\n\n\n\n<div class=\"wp-block-group alignwide\"><div class=\"wp-block-group__inner-container is-layout-constrained wp-block-group-is-layout-constrained\">\n<h2 class=\"has-text-align-center wp-block-heading\"><strong>Certificados de Refractarios Campo, SL<\/strong>.&nbsp;<\/h2>\n\n\n\n<div class=\"wp-block-columns reducir-margin is-layout-flex wp-container-core-columns-is-layout-3 wp-block-columns-is-layout-flex\">\n<div class=\"wp-block-column is-layout-flow wp-block-column-is-layout-flow\">\n<figure class=\"wp-block-image aligncenter size-full\"><a onclick=\"window.open('https:\/\/ceramicacampo.es\/wp-content\/uploads\/refractarios-campo-iso-9001-certificado-aenor-er-1303-1999-2023-2026.pdf','_blank')\" =\"\"=\"\" href=\"#\" rel=\"noreferrer noopener\"><img loading=\"lazy\" decoding=\"async\" width=\"96\" height=\"81\" src=\"https:\/\/ceramicacampo.es\/wp-content\/uploads\/gestion-calidad-aenor.png\" alt=\"Gestion calidad aenor\" class=\"wp-image-308\"><\/a><\/figure>\n<\/div>\n\n\n\n<div class=\"wp-block-column is-layout-flow wp-block-column-is-layout-flow\">\n<figure class=\"wp-block-image aligncenter size-full\"><a onclick=\"window.open('https:\/\/ceramicacampo.es\/wp-content\/uploads\/refractarios-campo-iso-9001-certificado-iqnet-es-1303-1999-2023-2026.pdf','_blank')\" =\"\"=\"\" href=\"#\" rel=\"noreferrer noopener\"><img loading=\"lazy\" decoding=\"async\" src=\"https:\/\/ceramicacampo.es\/wp-content\/uploads\/logo-iqnet-ed-iso9001.jpg\" alt=\"Logo iqnet ed iso9001\" class=\"wp-image-241400\" width=\"79\" height=\"79\" srcset=\"https:\/\/proyectos.bannisterglobal.com\/campo\/wp-content\/uploads\/logo-iqnet-ed-iso9001.jpg 193w, https:\/\/proyectos.bannisterglobal.com\/campo\/wp-content\/uploads\/logo-iqnet-ed-iso9001-150x150.jpg 150w\" sizes=\"(max-width: 79px) 100vw, 79px\" \/><\/a><\/figure>\n<\/div>\n\n\n\n<div class=\"wp-block-column is-layout-flow wp-block-column-is-layout-flow\">\n<figure class=\"wp-block-image aligncenter size-full\"><a onclick=\"window.open('https:\/\/ceramicacampo.es\/wp-content\/uploads\/refractarios-campo-iso-14001-certificado-aenor-ga-2021-0229-2021-2024.pdf','_blank')\" href=\"#\" rel=\"noreferrer noopener\"><img loading=\"lazy\" decoding=\"async\" src=\"https:\/\/ceramicacampo.es\/wp-content\/uploads\/selloaenoriso14001_pos.jpg\" alt=\"Selloaenoriso14001_pos\" class=\"wp-image-241402\" width=\"102\" height=\"86\" srcset=\"https:\/\/proyectos.bannisterglobal.com\/campo\/wp-content\/uploads\/selloaenoriso14001_pos.jpg 904w, https:\/\/proyectos.bannisterglobal.com\/campo\/wp-content\/uploads\/selloaenoriso14001_pos-300x254.jpg 300w, https:\/\/proyectos.bannisterglobal.com\/campo\/wp-content\/uploads\/selloaenoriso14001_pos-768x649.jpg 768w, https:\/\/proyectos.bannisterglobal.com\/campo\/wp-content\/uploads\/selloaenoriso14001_pos-760x642.jpg 760w\" sizes=\"(max-width: 102px) 100vw, 102px\" \/><\/a><\/figure>\n<\/div>\n\n\n\n<div class=\"wp-block-column is-layout-flow wp-block-column-is-layout-flow\">\n<figure class=\"wp-block-image aligncenter size-full\"><a onclick=\"window.open('https:\/\/ceramicacampo.es\/wp-content\/uploads\/refractarios-campo-iso-14001-certificado-iqnet-es-2021-0229-2021-2024.pdf','_blank')\" href=\"#\" rel=\"noreferrer noopener\"><img loading=\"lazy\" decoding=\"async\" src=\"https:\/\/ceramicacampo.es\/wp-content\/uploads\/logo-iqnet-ed-iso14001.jpg\" alt=\"\" class=\"wp-image-241468\" width=\"86\" height=\"86\" srcset=\"https:\/\/proyectos.bannisterglobal.com\/campo\/wp-content\/uploads\/logo-iqnet-ed-iso14001.jpg 193w, https:\/\/proyectos.bannisterglobal.com\/campo\/wp-content\/uploads\/logo-iqnet-ed-iso14001-150x150.jpg 150w\" sizes=\"(max-width: 86px) 100vw, 86px\" \/><\/a><\/figure>\n<\/div>\n\n\n\n<div class=\"wp-block-column is-layout-flow wp-block-column-is-layout-flow\">\n<figure class=\"wp-block-image aligncenter size-full\"><a onclick=\"window.open('https:\/\/ceramicacampo.es\/wp-content\/uploads\/refractarios-campo-une-22480-certificado-aenor-gms-2021-0001-2021-2024.pdf','_blank')\" href=\"#\" rel=\"noreferrer noopener\"><img loading=\"lazy\" decoding=\"async\" src=\"https:\/\/ceramicacampo.es\/wp-content\/uploads\/sello-aenor_gestion_minera_sostenible_une22480_pos.png\" alt=\"Sello aenor_gestion_minera_sostenible_une22480_pos\" class=\"wp-image-241401\" width=\"104\" height=\"88\" srcset=\"https:\/\/proyectos.bannisterglobal.com\/campo\/wp-content\/uploads\/sello-aenor_gestion_minera_sostenible_une22480_pos.png 904w, https:\/\/proyectos.bannisterglobal.com\/campo\/wp-content\/uploads\/sello-aenor_gestion_minera_sostenible_une22480_pos-300x252.png 300w, https:\/\/proyectos.bannisterglobal.com\/campo\/wp-content\/uploads\/sello-aenor_gestion_minera_sostenible_une22480_pos-768x646.png 768w, https:\/\/proyectos.bannisterglobal.com\/campo\/wp-content\/uploads\/sello-aenor_gestion_minera_sostenible_une22480_pos-760x639.png 760w\" sizes=\"(max-width: 104px) 100vw, 104px\" \/><\/a><\/figure>\n<\/div>\n<\/div>\n<\/div><\/div>\n","protected":false},"excerpt":{"rendered":"<p>En Cer\u00e1mica Campo desarrollamos toda nuestra actividad industrial y empresarial asumiendo un compromiso de m\u00e1xima exigencia respecto de la calidad de nuestros productos, de la [&hellip;]<\/p>\n","protected":false},"author":4,"featured_media":0,"parent":0,"menu_order":0,"comment_status":"closed","ping_status":"closed","template":"","meta":{"_uag_custom_page_level_css":"","ngg_post_thumbnail":0,"footnotes":""},"acf":[],"uagb_featured_image_src":{"full":false,"thumbnail":false,"medium":false,"medium_large":false,"large":false,"1536x1536":false,"2048x2048":false,"glossa-squared-image":false,"glossa-3x2-image":false,"glossa-halfwidth-image":false,"glossa-fullwidth-image":false},"uagb_author_info":{"display_name":"Bannister Global","author_link":"https:\/\/proyectos.bannisterglobal.com\/campo\/author\/bgeditor\/"},"uagb_comment_info":0,"uagb_excerpt":"En Cer\u00e1mica Campo desarrollamos toda nuestra actividad industrial y empresarial asumiendo un compromiso de m\u00e1xima exigencia respecto de la calidad de nuestros productos, de la [&hellip;]","_links":{"self":[{"href":"https:\/\/proyectos.bannisterglobal.com\/campo\/wp-json\/wp\/v2\/pages\/241395"}],"collection":[{"href":"https:\/\/proyectos.bannisterglobal.com\/campo\/wp-json\/wp\/v2\/pages"}],"about":[{"href":"https:\/\/proyectos.bannisterglobal.com\/campo\/wp-json\/wp\/v2\/types\/page"}],"author":[{"embeddable":true,"href":"https:\/\/proyectos.bannisterglobal.com\/campo\/wp-json\/wp\/v2\/users\/4"}],"replies":[{"embeddable":true,"href":"https:\/\/proyectos.bannisterglobal.com\/campo\/wp-json\/wp\/v2\/comments?post=241395"}],"version-history":[{"count":5,"href":"https:\/\/proyectos.bannisterglobal.com\/campo\/wp-json\/wp\/v2\/pages\/241395\/revisions"}],"predecessor-version":[{"id":243773,"href":"https:\/\/proyectos.bannisterglobal.com\/campo\/wp-json\/wp\/v2\/pages\/241395\/revisions\/243773"}],"wp:attachment":[{"href":"https:\/\/proyectos.bannisterglobal.com\/campo\/wp-json\/wp\/v2\/media?parent=241395"}],"curies":[{"name":"wp","href":"https:\/\/api.w.org\/{rel}","templated":true}]}}